-d**3 + 76*d**2 + 79*d - 132. Give r(77).
22
Let o(y) = -40*y - 66. Give o(7).
-346
Let c(q) = 87*q + 914. Give c(-20).
-826
Let z(o) = o**2 + 23*o - 1344. Determine z(27).
6
Let n(u) = 62*u + 1064. Calculate n(-19).
-114
Let u(q) = 2*q**3 + 14*q**2 - q + 15. Determine u(-7).
22
Let h(g) = 2*g**2 - 137*g + 1070. Calculate h(9).
-1
Let m(b) = -2994*b + 595807. Determine m(199).
1
Let g(r) = r**2 + 121*r - 1729. What is g(13)?
13
Let b(u) = 317*u + 14596. What is b(-46)?
14
Let k(b) = 110*b + 18619. Determine k(-169).
29
Let d(l) = -3*l**2 - 65*l + 42. Determine d(-21).
84
Let i(y) = -96*y + 2051. Determine i(21).
35
Let h(g) = 100*g - 480. Determine h(6).
120
Let l(c) = c**2 - 5*c - 1. What is l(-2)?
13
Let g(c) = c**3 - 4*c**2 + 2*c - 71. Give g(6).
13
Let j(h) = -h**3 - 33*h**2 + 130*h + 791. What is j(-36)?
-1
Let y(t) = 25*t - 391. What is y(16)?
9
Let y(j) = j**3 - 28*j**2 - 68*j + 1127. What is y(29)?
-4
Let z(o) = 13*o**3 - 116*o**2 - 7*o - 19. What is z(9)?
-1
Let c(g) = g**2 - 25*g - 579. Calculate c(40).
21
Let j(a) = 9*a**2 - 239*a + 68. Determine j(28).
432
Let u(i) = 2*i**2 + 24*i + 72. Determine u(-7).
2
Let f(o) = -3*o**2 - 35*o + 79. Calculate f(-11).
101
Let g(b) = -b**3 - 53*b**2 - 16*b + 1877. Determine g(-52).
5
Let v(z) = 3*z**2 - 354*z + 4102. Determine v(105).
7
Let z(c) = -c**2 + 14*c - 30. Determine z(12).
-6
Let y(z) = -74*z - 549. Determine y(-8).
43
Let x(g) = 3*g**3 - 444*g**2 + 4*g - 552. Give x(148).
40
Let m(v) = 11*v**2 + 798*v - 394. Determine m(-73).
-29
Let n(k) = 3*k**2 - 47*k - 355. Determine n(21).
-19
Let y(i) = -2*i**2 + 47*i - 183. What is y(18)?
15
Let n(j) = 29*j - 306. What is n(11)?
13
Let y(p) = 3*p**3 + 6*p**2 + 75*p - 419. What is y(7)?
1429
Let c(b) = 16*b + 1717. Calculate c(-108).
-11
Let g(j) = 94*j - 4100. What is g(44)?
36
Let r(j) = -j**2 - 51*j - 317. Give r(-43).
27
Let i(g) = -8*g**2 - g - 26. Give i(-5).
-221
Let n(q) = 37*q**2 - 58*q - 13. Calculate n(2).
19
Let s(l) = -l**3 + 5*l**2 + 12*l - 23. Calculate s(7).
-37
Let p(w) = -w**2 + 93*w + 871. Calculate p(102).
-47
Let z(q) = 5*q - 236. What is z(57)?
49
Let o(t) = t**3 - 25*t**2 + 23*t - 57. What is o(24)?
-81
Let p(d) = -6*d**2 - 12*d + 45. Calculate p(6).
-243
Let f(x) = 5*x + 440. Give f(-87).
5
Let x(p) = -p**3 - 5*p**2 - 5*p - 32. Give x(-3).
-35
Let n(s) = -s**3 - 17*s**2 - 60*s + 31. What is n(-8)?
-65
Let w(u) = -2*u**2 - 82*u + 87. Give w(-42).
3
Let m(q) = -109*q**3 - q**2 + 8*q - 1. Calculate m(1).
-103
Let z(v) = -2*v**2 - 51*v - 286. Calculate z(-8).
-6
Let i(v) = -10*v - 81. Give i(-11).
29
Let g(y) = -2*y**2 + 12*y + 100. Determine g(12).
-44
Let o(w) = 3509*w - 24555. Give o(7).
8
Let a(w) = -376*w - 752. Determine a(-2).
0
Let h(u) = -7187*u + 20. Determine h(0).
20
Let r(q) = -532*q + 555. Determine r(1).
23
Let j(g) = g**3 + 21*g**2 + 10*g + 135. Give j(-21).
-75
Let h(m) = 8*m**3 + 2*m**2 + 3*m + 1. What is h(-3)?
-206
Let g(k) = k**2 - 21*k + 61. Calculate g(6).
-29
Let p(l) = -l**3 - 49*l**2 - 452*l - 365. Determine p(-37).
-69
Let j(o) = -11*o + 20. What is j(11)?
-101
Let s(y) = -y**3 - 18*y**2 - 4*y + 70. What is s(-7)?
-441
Let r(x) = 182*x**3 + 3*x**2 + 3*x. Calculate r(-1).
-182
Let p(q) = -12*q + 180. Calculate p(28).
-156
Let t(d) = -5*d**2 - 30*d - 7. What is t(-2)?
33
Let k(f) = -3*f**2 + 355*f - 1059. Give k(3).
-21
Let u(b) = 3*b**3 + 2*b**2 - 6*b - 18. Determine u(3).
63
Let o(d) = -2*d**2 - 19*d - 87. Determine o(-9).
-78
Let i(f) = -447*f + 4036. Determine i(9).
13
Let c(f) = f**3 - 33*f**2 - 144*f - 224. What is c(37)?
-76
Let d(x) = 3*x**2 - 84*x - 239. Calculate d(-3).
40
Let y(c) = 2*c**2 - 33*c - 1355. Determine y(-19).
-6
Let v(s) = -746*s - 5949. What is v(-8)?
19
Let j(t) = 98*t**2 + 110*t + 5. Calculate j(-1).
-7
Let b(c) = c**3 + 148*c**2 - 301*c - 136. Determine b(-150).
14
Let c(z) = 315*z - 5014. Give c(16).
26
Let x(j) = -98*j - 748. What is x(-7)?
-62
Let m(r) = 39*r - 2200. What is m(56)?
-16
Let o(s) = 1089*s + 5436. Calculate o(-5).
-9
Let m(a) = 110779*a - 221565. Calculate m(2).
-7
Let o(z) = 6*z**2 + 2*z + 92. Give o(-6).
296
Let q(o) = o**2 + 9*o - 733. What is q(23)?
3
Let i(z) = -42*z**2 - 4*z + 8. Calculate i(2).
-168
Let r(q) = 704*q - 5699. Determine r(8).
-67
Let v(f) = 741*f - 24448. Give v(33).
5
Let i(l) = l**3 + 30*l**2 - 61*l + 93. Give i(-32).
-3
Let z(o) = -o**3 - 138*o**2 - 2352*o + 958. What is z(-118)?
14
Let h(f) = f**2 - 388*f + 37616. What is h(191)?
-11
Let q(o) = o**2 - 41*o + 311. Give q(10).
1
Let n(b) = -36*b + 74. Determine n(-1).
110
Let s(f) = -2*f**2 + 11*f + 41. Give s(-3).
-10
Let t(i) = 64*i - 2107. What is t(33)?
5
Let z(r) = -4*r**2 - 323*r - 448. Calculate z(-79).
105
Let i(c) = -34*c + 1831. Determine i(54).
-5
Let w(q) = -q**2 - q + 2093. What is w(47)?
-163
Let i(s) = -2*s**3 + 17*s**2 + 5356*s - 48112. Calculate i(9).
11
Let b(f) = -182*f - 12712. Give b(-70).
28
Let r(c) = -5*c - 233. Calculate r(-44).
-13
Let l(u) = -u**3 - 17*u**2 + 259. What is l(-16)?
3
Let u(w) = 7*w**3 + w**2 - 5*w - 225. Calculate u(0).
-225
Let i(t) = 99*t + 2566. What is i(-26)?
-8
Let z(n) = 2*n**3 - 20*n**2 - 54*n + 67. Determine z(12).
-5
Let m(z) = -2*z**2 - 116*z - 82. Determine m(-58).
-82
Let r(w) = 336*w - 4604. Give r(14).
100
Let f(d) = 324*d**3 + 3*d**2 + 6*d - 4. Calculate f(1).
329
Let u(p) = -3*p**2 + 60*p + 459. Determine u(-6).
-9
Let t(z) = -z**2 + 29*z - 88. Determine t(27).
-34
Let c(f) = f**2 + 6*f + 78. What is c(-9)?
105
Let x(f) = 18225*f - 145795. Give x(8).
5
Let s(h) = -h**3 + 10*h**2 + 32*h + 90. Give s(-8).
986
Let p(n) = -n**2 + 58*n - 521. Calculate p(10).
-41
Let b(f) = f**3 + 23*f**2 + 7*f - 9. What is b(-22)?
321
Let q(h) = -h**3 + 7*h**2 + 41*h - 307. What is q(6)?
-25
Let p(f) = f**2 + 72*f + 874. Calculate p(-19).
-133
Let u(n) = 1137*n - 25015. Give u(22).
-1
Let o(z) = 156*z - 843. What is o(7)?
249
Let u(y) = 1252*y + 7541. Determine u(-6).
29
Let f(g) = g**2 + 58*g + 459. Give f(-47).
-58
Let k(w) = -w**3 - 7*w**2 - 11*w - 148. Calculate k(-8).
4
Let d(x) = 52*x**2 + 319*x - 323. Give d(-7).
-8
Let f(z) = -746*z + 1496. Calculate f(2).
4
Let a(x) = -2251*x + 40513. Determine a(18).
-5
Let p(t) = 22*t**2 - 377*t - 21. Determine p(15).
-726
Let k(b) = -11*b - 88. Determine k(-7).
-11
Let a(v) = 37*v + 83. Give a(4).
231
Let o(s) = 3*s**2 - 10*s - 22. What is o(-2)?
10
Let z(y) = -57*y + 452. Determine z(9).
-61
Let z(v) = -16*v**3 + 94*v**2 + 10*v - 11. Give z(6).
-23
Let t(w) = -22*w**2 - 5*w + 13. Determine t(2).
-85
Let u(y) = -5*y**2 + 110*y - 211. Determine u(19).
74
Let c(d) = 11*d**2 + 68*d + 17. Determine c(-6).
5
Let h(v) = -7*v - 132. Give h(10).
-202
Let b(y) = 11*y**3 + 80*y**2 + 12*y - 68. What is b(-7)?
-5
Let y(w) = 80*w - 946. Determine y(12).
14
Let r(n) = 418*n + 7. Calculate r(-1).
-411
Let a(q) = -26*q + 8. What is a(4)?
-96
Let f(m) = 2*m**2 + 35*m + 199. Calculate f(0).
199
Let l(g) = 6*g - 193. What is l(14)?
-109
Let p(q) = 17*q**2 + 25*q + 2. Calculate p(-1).
-6
Let x(d) = 3*d**2 - 269*d - 427. Determine x(92).
217
Let k(g) = 2*g**2 + 3*g + 7. Give k(5).
72
Let i(r) = -r**2 + 47*r + 1. Determine i(52).
-259
Let u(k) = 2*k**3 - 8*k**2 + 6*k + 21. Give u(4).
45
Let w(g) = -446*g - 2255. Give w(-5).
-25
Let p(g) = 12*g**2 + 54*g - 300. Give p(-8).
36
Let m(s) = -12*s - 155. Determine m(-27).
169
Let o(g) = -20*g**2 + 27*g + 29. Determine o(-1).
-18
Let d(u) = 2*u**3 + 198*u**2 + 167*u - 2836. Determine d(-98).
6
Let n(s) = 3*s**2 - 69*s + 167. Determine n(20).
-13
Let l(a) = -8*a - 142. Calculate l(-24).
50
Let t(k) = 51*k**2 + 15*k + 9. What is t(-3)?
423
Let p(a) = -a**3 - 5*a**2 - 112*a - 733. Determine p(-6).
-25
Let h(k) = k**3 - 73*k**2 + 338*k + 124. Calculate h(68).
-12
Let x(r) = 2*r**2 + 47*r + 278. Give x(-11).
3
Let d(c) = -2887*c + 23085. Determine d(8).
-11
Let w(o) = 3*o**2 - 101*o - 5829. Calculate w(64).
-5
Let w(r) = 15*r**2 - 22*r - 81. Determine w(-2).
23
Let n(p) = 10*p**3 - 4*p**2 + 548*p + 552. Determine n(-1).
-10
Let r(y) = -y**3 - 6*y**2 + 13*y + 43. Determine r(-3).
-23
Let d(a) = 46*a + 61. What is d(-2)?
-31
Let p(v) = -3542*v + 35392. Calculate p(10).
-28
Let i(q) = -1818*q - 41802. Determine i(-23).
12
Let y(t) = 2*t**3 - 10*t**2 - 172*t + 53. What is y(12)?
5
Let 